git of i(-25)?
3
Let c be (4 - 5)*-239 + 3 + -1. Let k = c + -40. What is the hundreds digit of k?
2
Suppose 11*j + 7612 = 15*j. What is the tens digit of j?
0
Let s(k) = 26*k**3 + 6*k**2 + 7*k + 3. What is the tens digit of s(4)?
9
Let d = 31 - 10. Let q be (8 + 1)/(d/28). Suppose 5*a = 217 - q. What is the units digit of a?
1
Let d(n) = -2*n + 10. Let i be d(3). Suppose 0 = i*g - 7*g + 6. What is the units digit of g?
2
Let h(t) = 2*t**2 - t - 2. Let b be h(0). What is the tens digit of b*8/12 + (-316)/(-3)?
0
Let u be (-6)/(-5)*(5 + 0). Let r be 0 + (-4)/2 + u. Suppose -r*m + 98 = 3*k + 2*k, -m + k + 29 = 0. What is the units digit of m?
7
Let z = -54 + 40. What is the units digit of (-2 - z)*(4 - (-1)/2)?
4
Suppose -k + 5 - 4 = 0. What is the tens digit of k/(-2) + 623/14?
4
Let o be 5/3 - (-12)/36. Suppose -8*b + o*b = -192. Suppose -b = -2*j - 0*j. What is the tens digit of j?
1
Let k(b) = -33*b**2 - 2*b - 1. Let h be k(-1). Let t be h/(-48) + 38/(-3). What is the units digit of 1/(-4) + (-183)/t?
5
Suppose 0 = -10*c - 19 + 269. What is the tens digit of ((-883)/(-5) - 0) + 10/c?
7
Let w(x) = 2*x**3 - x**2 + x. Let q be w(1). Suppose -27 = -4*g + 3*t, -28 = -5*g + t - 3*t. Suppose -q*d - 28 = -g*d. What is the units digit of d?
7
Let r(u) = 13*u**2 + 36*u - 220. What is the units digit of r(10)?
0
Let b = 2 + 222. What is the hundreds digit of b?
2
Let c(j) be the second derivative of 2*j**3/3 + 5*j**2/2 - 11*j. What is the units digit of c(0)?
5
Let o be (-5 - -3 - -1) + -71. What is the tens digit of (o - -1*2)*(0 + -2)?
4
Let q = 217 + -122. What is the tens digit of q?
9
Let c be ((0 - -4) + 162/(-36))*-4. Let w = 199 + c. What is the hundreds digit of w?
2
Let d be (3 - 5) + 1 - 15. Let w be d/(-3) - (-2)/(-6). Suppose -5*r = w*q - r - 244, 0 = 2*q + 4*r - 88. What is the tens digit of q?
5
Let t(d) = 3*d**2 + 12*d - 3. Let n be t(-8). Suppose 0*h - 3*h - 3*c = -n, 2*h - 62 = 4*c. What is the tens digit of h?
3
Suppose -37*p + 46614 = -10736. What is the units digit of p?
0
Let v be ((-6)/15)/((-12)/160)*3. What is the units digit of 659/4 + (-12)/v?
4
What is the hundreds digit of ((-10374)/(-30) + 5)*(4 + 1)?
7
Suppose -25201 = -9*c - 2*c. What is the tens digit of c?
9
Suppose 4*i + 1240 - 11222 = -5*z, z + 4998 = 2*i. What is the thousands digit of i?
2
Let d(t) = 496*t**2 + 4*t. What is the units digit of d(1)?
0
Let o = 343 - 172. Suppose -o = -3*a + 2*s + 13, 50 = a + 5*s. Suppose -51 = -3*t + a. What is the tens digit of t?
3
Suppose 13*i = 15*i - 6, 4*q - 3*i - 1391 = 0. What is the tens digit of q?
5
What is the units digit of 253*(0 + 1) - -3?
6
Suppose 7*o - 8*o + 4*z + 97 = 0, 4*z = 5*o - 501. What is the units digit of o?
1
Let x(a) = 12*a - 143. What is the units digit of x(45)?
7
Let d(f) = -f**2 + 9*f - 2. Let u be d(7). Suppose -5*b = 5*z + 2 + 3, b = -3*z + 5. Suppose -u = z*a - 5*a. What is the units digit of a?
6
Suppose -63*h - 5*m + 385 = -62*h, -1585 = -4*h - 5*m. What is the hundreds digit of h?
4
Let u be (-1 - -3) + 0 - 17. Let s = u - -18. Suppose c = -0*c + 4*l + 48, 0 = -5*c - s*l + 263. What is the units digit of c?
2
Suppose 0 = -0*r - 2*r + 4, 5*p - 399 = -2*r. What is the tens digit of p?
7
Let c(x) be the first derivative of -5*x**2/2 - 9*x - 4. Let p be c(-3). What is the tens digit of (-622)/(-8) - p/(-24)?
7
Suppose -3*l - 2*l + 2*t + 79 = 0, -5*l - 5*t = -65. Let a = l + -10. Suppose 55 - 190 = -a*y. What is the units digit of y?
7
Let j(z) = z**2 - z + 3. Let d be j(2). Let s be -2*d/((-30)/(-9)). What is the tens digit of 68*(30/8 + s)?
5
Let l(h) = -67*h - 1. Let z be (-2 + 8)/2 - 5. Let f(r) = -133*r - 2. Let n(g) = z*f(g) + 5*l(g). What is the units digit of n(-1)?
8
Let a = 64 - 61. Suppose -4*l + 872 = -2*i, 2*l - 426 = -7*i + a*i. What is the units digit of l?
7
Suppose -5*m = -22 + 2. Suppose -q + 5*y = -6, 0 = 5*q - 5*y - m - 6. What is the tens digit of (-13)/(q + 2/(-1))?
1
Suppose 4*f - 10*z + 7*z = 137, -4*f + z + 139 = 0. What is the units digit of 80 + 0 - (f/5 + -7)?
0
Suppose -m + 5*m - 168 = 0. Let d(j) = -j**3 - 18*j**2 + 38*j - 40. Let y be d(-20). Suppose y = -3*p + 5*p - m. What is the tens digit of p?
2
What is the hundreds digit of ((-1984)/(-310))/(2/420)?
3
What is the tens digit of (75/45)/((-9628)/4824 + 2)?
0
Let v = -181 + 1311. What is the units digit of v?
0
Let v be (6/(-15))/((-1)/5) - -4. What is the tens digit of 694/v + (-1)/(-3)?
1
Let x(b) = -b**3 - 17*b**2 - 4*b - 20. Suppose 0 = 3*f - 4*g + 39, -2*g + 12 - 69 = 3*f. What is the tens digit of x(f)?
4
Suppose -3*m = -8 - 7. Suppose 2*d + 4*l = -18 + 82, m*l = -4*d + 113. Suppose -v = -2, -v + 2 + d = t. What is the tens digit of t?
2
Suppose 18*n = 16*n + 430. What is the tens digit of n?
1
Let a(x) = 5*x - 2. Suppose -3*g + 3*r - 17 = -98, -2*g - r + 69 = 0. Let j = -25 + g. What is the units digit of a(j)?
3
Let q(k) = -k**3 + 4*k**2 + 10*k - 4. Let f be q(5). Suppose 6*t + f = 201. What is the units digit of t?
0
Let x(s) = -s**2 + 10*s - 7. Let a be x(9). Let o be 3/a*120/18. What is the units digit of o/(-25) - 294/(-10)?
9
What is the tens digit of (5 - (-1 + 4)) + 241?
4
Let b(z) = 4219*z - 117. What is the tens digit of b(1)?
0
Suppose 1 = t - 16. Let a = 11 + t. What is the units digit of a?
8
Let q(i) = i + 6. Let m be q(6). Let o be 4/((20/m)/5). Let l = 28 - o. What is the tens digit of l?
1
What is the tens digit of (3 - 48/20)*410?
4
Suppose 4*p + p = -20. What is the tens digit of 0 + p + 6 + 86?
8
Let o(m) = -m**2 - m + 15. Let n(f) = -f**2 + 2*f. Let k be n(2). Let b be o(k). Let r = b + 2. What is the units digit of r?
7
Let a be 30/(-8)*(-140)/21. Suppose 0 = -8*k + 113 - a. Let b = -8 + k. What is the units digit of b?
3
Let m(c) = c**2 - c - 1. Let u be 39/26*(-4)/3. Let l be 2 - u/4*-16. What is the units digit of m(l)?
1
Suppose -3*j - 2784 = -2*n + 7*n, n = -2*j - 561. Let g = -320 - n. What is the tens digit of g?
3
Let t(y) = -y**2 + 4 - y - 7 + 2*y**2 - 6. What is the tens digit of t(-7)?
4
Let v = 248 - 183. What is the units digit of v?
5
Let n = 91 - 84. What is the tens digit of ((-154)/4)/n*-32?
7
Let n = 1421 - 477. What is the units digit of n?
4
Let f(y) = 5*y**2 + 0*y**3 + 2 - 2*y - 2*y**2 + y**3. Let g be f(-3). Suppose 180 = -2*w + g*w. What is the units digit of w?
0
Let a(s) = -5*s**2 - 6*s + 6*s**2 + 3 + 2*s + 13. Let x be 2 - (-1 - -4 - 9). What is the tens digit of a(x)?
4
Let c(v) = v**2 + 17*v + 18. Let b be c(-16). Suppose -b - 16 = -3*p. What is the units digit of p?
6
Suppose 5*t = 8 + 12. Suppose t*z - 2*b = 10 + 8, 3*b = -15. Suppose 0 = -3*i + z*i + 8. What is the units digit of i?
8
Let k(t) = -t**2 - 4*t - 16. Let q be k(-7). Let h = 55 + q. Suppose -3*n - 5*o + 33 = -14, n + 4*o - h = 0. What is the units digit of n?
4
What is the thousands digit of 645/(-430)*1/(1/(-1446))?
2
Suppose 0 = k - 2*x - 382, -3*x - 1917 = -5*k - 0*k. Suppose k = 37*m - 33*m. What is the tens digit of m?
9
Let j(h) be the second derivative of 11*h**3/2 - h**2 - 6*h. What is the units digit of j(4)?
0
Suppose -6*s - 126 = -0*s. Let m = 18 - s. What is the units digit of m?
9
Let q = 497 - 321. What is the hundreds digit of q?
1
Suppose -1949 = -3224*y + 3223*y. What is the units digit of y?
9
Let g(f) = f**3 + 7*f**2 + 6*f + 8. Let p be g(-9). Let x = 485 + p. Suppose -l = 3*l - 3*j - x, 0 = -3*j + 15. What is the tens digit of l?
7
Let l(a) = 2*a - 14*a - 3*a. Let j be l(1). What is the units digit of (-627)/j + 12/(-15)?
1
Suppose -x + 2*x - p - 5 = 0, -4*p = -3*x + 16. Suppose 3 = -2*s - 3*f, x*s - 3*f - 39 = -0*s. Let u = 26 - s. What is the tens digit of u?
2
Let q be 90/54 - (-2)/6. Suppose -3*k + 260 = x, -q*k + k + 4*x = -104. What is the tens digit of k?
8
What is the tens digit of -6*2723/(-98) + (-14)/(-49)?
6
Suppose 2*m = -p + 966, 0 = -5*p + 10*p - 2*m - 4806. What is the hundreds digit of p?
9
Suppose 54*t = 23*t + 12183. What is the hundreds digit of t?
3
Suppose 0 = -5*k + k + 2300. Suppose -7*i + 12*i - k = 0. What is the units digit of i?
5
Let w = -4 - 42. Let b = w - -55. What is the units digit of b?
9
Let k(l) = -4*l**2 + 13*l + 11. Let v(w) = -5*w**2 + 13*w + 12. Let a(x) = -3*k(x) + 2*v(x). What is the units digit of a(10)?
1
Let g = 27 + -18. Le